{"id":1712,"date":"2019-05-22T21:08:44","date_gmt":"2019-05-22T19:08:44","guid":{"rendered":"https:\/\/paris-black-cars.com\/nos-services\/"},"modified":"2023-12-28T14:34:47","modified_gmt":"2023-12-28T13:34:47","slug":"nos-services","status":"publish","type":"page","link":"https:\/\/paris-black-cars.com\/fr\/nos-services\/","title":{"rendered":"NOS SERVICES"},"content":{"rendered":"<div class=\"wpb-content-wrapper\">[vc_row][vc_column][vc_tta_accordion c_icon=&#8221;chevron&#8221; active_section=&#8221;1&#8243; css_animation=&#8221;none&#8221; collapsible_all=&#8221;true&#8221;][vc_tta_section title=&#8221;Transfert Priv\u00e9&#8221; tab_id=&#8221;1549379757466-4d9d22df-c98e&#8221;][vc_column_text css_animation=&#8221;none&#8221;]Le chauffeur vous attendra dans le hall des arriv\u00e9es \u00e0 c\u00f4t\u00e9 du carrousel \u00e0 bagages correspondant \u00e0 votre vol.<br \/>\nIl portera une pancarte \u00e0 votre nom. Il vous aidera \u00e0 porter vos bagages et vous conduira \u00e0 votre voiture. Il vous d\u00e9posera \u00e0 l&#8217;adresse indiqu\u00e9e sur votre r\u00e9servation.<\/p>\n<p>(Si vous souhaitez faire un arr\u00eat suppl\u00e9mentaire pendant votre trajet, veuillez nous contacter par e-mail ou WhatsApp lors de votre r\u00e9servation)<\/p>\n<p>Le jour du d\u00e9part, le chauffeur sera pr\u00eat \u00e0 l&#8217;heure et au lieu indiqu\u00e9s sur votre e-billet, dans le hall de l&#8217;h\u00f4tel ou devant votre r\u00e9sidence.<\/p>\n<p>Veuillez noter que nous prenons en compte le temps dont vous avez besoin pour r\u00e9cup\u00e9rer vos bagages et passer la douane. Si vous rencontrez un probl\u00e8me \u00e0 la douane ou si vos bagages ont \u00e9t\u00e9 perdus, veuillez nous contacter par WhatsApp afin que nous puissions trouver une solution.<\/p>\n<p>Veuillez noter que nous v\u00e9rifions les statuts des vols et que nous ajusterons votre heure de prise en charge en cas de retard.<\/p>\n<p>Si vous vous rendez compte que vous avez oubli\u00e9 un article dans la voiture, veuillez nous contacter imm\u00e9diatement afin que nous puissions le retrouver et vous l&#8217;apporter.<\/p>\n[\/vc_column_text][\/vc_tta_section][vc_tta_section title=&#8221;V\u00e9hicule et chauffeur \u00e0 disposition&#8221; tab_id=&#8221;1549379757494-8b336d49-6c6b&#8221;][vc_column_text css_animation=&#8221;none&#8221;]Nous pouvons mettre \u00e0 disposition un v\u00e9hicule avec chauffeur, non seulement pour vos d\u00e9placements professionnels mais aussi pour tous vos d\u00e9placements loisirs (shopping, balades, visites touristiques, etc.).<br \/>\nLe prix de ce service varie selon le type de v\u00e9hicule.<br \/>\nNous vous proposons 2 types de v\u00e9hicules :<\/p>\n<p><strong>V\u00e9hicules haut de<br \/>\ngamme<\/strong> Mercedes Classe E, Mercedes Classe S, BMW s\u00e9rie 5 et Minivan Viano.<br \/>\nDu chocolat, des magazines et des bouteilles d&#8217;eau sont fournis \u00e0 bord.<br \/>\nLes chauffeurs portent un manteau et une cravate, parlent couramment fran\u00e7ais et anglais et sont amicaux et discrets.<\/p>\n<p><strong>V\u00e9hicules \u00e9conomiques<\/strong><br \/>\nBerlines de s\u00e9rie Renault ou Citro\u00ebn (Renault Scenic ou Citro\u00ebn C4, C5).<br \/>\nLes monospaces Renault Trafic sont spacieux, propres et confortables.<br \/>\nLes chauffeurs sont bien habill\u00e9s, sympathiques et parlent couramment l&#8217;anglais.<\/p>\n<p>Vous pouvez demander un v\u00e9hicule et un chauffeur \u00e0 disposition pour un minimum de 2h et un maximum de pour vos d\u00e9placements locaux et longue distance en France et en Europe. Nos chauffeurs sont professionnels, exp\u00e9riment\u00e9s et peuvent g\u00e9rer l&#8217;anglais.<br \/>\nN&#8217;h\u00e9sitez pas \u00e0 nous contacter pour obtenir un devis ou un rappel. Vous pouvez nous contacter via Whatsapp +33177472123 ou par t\u00e9l\u00e9phone au +331775035283. Vous pouvez \u00e9galement nous contacter par email \u00e0 info@paris-black-cars.com[\/vc_column_text][\/vc_tta_section][\/vc_tta_accordion][\/vc_column][\/vc_row]\n<\/div>","protected":false},"excerpt":{"rendered":"<p>[vc_row][vc_column][vc_tta_accordion c_icon=&#8221;chevron&#8221; active_section=&#8221;1&#8243; css_animation=&#8221;none&#8221; collapsible_all=&#8221;true&#8221;][vc_tta_section title=&#8221;Transfert Priv\u00e9&#8221; tab_id=&#8221;1549379757466-4d9d22df-c98e&#8221;][vc_column_text css_animation=&#8221;none&#8221;]Le chauffeur vous attendra dans le hall des arriv\u00e9es \u00e0 c\u00f4t\u00e9 du carrousel \u00e0 bagages correspondant \u00e0 votre vol. Il portera une pancarte \u00e0 votre nom. Il vous aidera \u00e0 porter vos bagages et vous conduira \u00e0 votre voiture. Il vous d\u00e9posera \u00e0 l&#8217;adresse indiqu\u00e9e sur votre<\/p>\n","protected":false},"author":1,"featured_media":0,"parent":0,"menu_order":0,"comment_status":"closed","ping_status":"closed","template":"","meta":{"footnotes":""},"class_list":["post-1712","page","type-page","status-publish","hentry"],"_links":{"self":[{"href":"https:\/\/paris-black-cars.com\/fr\/wp-json\/wp\/v2\/pages\/1712","targetHints":{"allow":["GET"]}}],"collection":[{"href":"https:\/\/paris-black-cars.com\/fr\/wp-json\/wp\/v2\/pages"}],"about":[{"href":"https:\/\/paris-black-cars.com\/fr\/wp-json\/wp\/v2\/types\/page"}],"author":[{"embeddable":true,"href":"https:\/\/paris-black-cars.com\/fr\/wp-json\/wp\/v2\/users\/1"}],"replies":[{"embeddable":true,"href":"https:\/\/paris-black-cars.com\/fr\/wp-json\/wp\/v2\/comments?post=1712"}],"version-history":[{"count":12,"href":"https:\/\/paris-black-cars.com\/fr\/wp-json\/wp\/v2\/pages\/1712\/revisions"}],"predecessor-version":[{"id":13591,"href":"https:\/\/paris-black-cars.com\/fr\/wp-json\/wp\/v2\/pages\/1712\/revisions\/13591"}],"wp:attachment":[{"href":"https:\/\/paris-black-cars.com\/fr\/wp-json\/wp\/v2\/media?parent=1712"}],"curies":[{"name":"wp","href":"https:\/\/api.w.org\/{rel}","templated":true}]}}

<div class="wpb-content-wrapper">[vc_row][vc_column][vc_tta_accordion c_icon=&#8221;chevron&#8221; active_section=&#8221;1&#8243; css_animation=&#8221;none&#8221; collapsible_all=&#8221;true&#8221;][vc_tta_section title=&#8221;Transfert Privé&#8221; tab_id=&#8221;1549379757466-4d9d22df-c98e&#8221;][vc_column_text css_animation=&#8221;none&#8221;]Le chauffeur vous attendra dans le hall des arrivées à côté du carrousel à bagages correspondant à votre vol.<br />
Il portera une pancarte à votre nom. Il vous aidera à porter vos bagages et vous conduira à votre voiture. Il vous déposera à l&#8217;adresse indiquée sur votre réservation.</p>
<p>(Si vous souhaitez faire un arrêt supplémentaire pendant votre trajet, veuillez nous contacter par e-mail ou WhatsApp lors de votre réservation)</p>
<p>Le jour du départ, le chauffeur sera prêt à l&#8217;heure et au lieu indiqués sur votre e-billet, dans le hall de l&#8217;hôtel ou devant votre résidence.</p>
<p>Veuillez noter que nous prenons en compte le temps dont vous avez besoin pour récupérer vos bagages et passer la douane. Si vous rencontrez un problème à la douane ou si vos bagages ont été perdus, veuillez nous contacter par WhatsApp afin que nous puissions trouver une solution.</p>
<p>Veuillez noter que nous vérifions les statuts des vols et que nous ajusterons votre heure de prise en charge en cas de retard.</p>
<p>Si vous vous rendez compte que vous avez oublié un article dans la voiture, veuillez nous contacter immédiatement afin que nous puissions le retrouver et vous l&#8217;apporter.</p>
[/vc_column_text][/vc_tta_section][vc_tta_section title=&#8221;Véhicule et chauffeur à disposition&#8221; tab_id=&#8221;1549379757494-8b336d49-6c6b&#8221;][vc_column_text css_animation=&#8221;none&#8221;]Nous pouvons mettre à disposition un véhicule avec chauffeur, non seulement pour vos déplacements professionnels mais aussi pour tous vos déplacements loisirs (shopping, balades, visites touristiques, etc.).<br />
Le prix de ce service varie selon le type de véhicule.<br />
Nous vous proposons 2 types de véhicules :</p>
<p><strong>Véhicules haut de<br />
gamme</strong> Mercedes Classe E, Mercedes Classe S, BMW série 5 et Minivan Viano.<br />
Du chocolat, des magazines et des bouteilles d&#8217;eau sont fournis à bord.<br />
Les chauffeurs portent un manteau et une cravate, parlent couramment français et anglais et sont amicaux et discrets.</p>
<p><strong>Véhicules économiques</strong><br />
Berlines de série Renault ou Citroën (Renault Scenic ou Citroën C4, C5).<br />
Les monospaces Renault Trafic sont spacieux, propres et confortables.<br />
Les chauffeurs sont bien habillés, sympathiques et parlent couramment l&#8217;anglais.</p>
<p>Vous pouvez demander un véhicule et un chauffeur à disposition pour un minimum de 2h et un maximum de pour vos déplacements locaux et longue distance en France et en Europe. Nos chauffeurs sont professionnels, expérimentés et peuvent gérer l&#8217;anglais.<br />
N&#8217;hésitez pas à nous contacter pour obtenir un devis ou un rappel. Vous pouvez nous contacter via Whatsapp +33177472123 ou par téléphone au +331775035283. Vous pouvez également nous contacter par email à info@paris-black-cars.com[/vc_column_text][/vc_tta_section][/vc_tta_accordion][/vc_column][/vc_row]
</div>

<p>[vc_row][vc_column][vc_tta_accordion c_icon=&#8221;chevron&#8221; active_section=&#8221;1&#8243; css_animation=&#8221;none&#8221; collapsible_all=&#8221;true&#8221;][vc_tta_section title=&#8221;Transfert Privé&#8221; tab_id=&#8221;1549379757466-4d9d22df-c98e&#8221;][vc_column_text css_animation=&#8221;none&#8221;]Le chauffeur vous attendra dans le hall des arrivées à côté du carrousel à bagages correspondant à votre vol. Il portera une pancarte à votre nom. Il vous aidera à porter vos bagages et vous conduira à votre voiture. Il vous déposera à l&#8217;adresse indiquée sur votre</p>
